nder when 69 is divided by 10/j*(2 - (-3 - -35))?
9
What is the remainder when (18/(-24) - 6)/(18/(-24))*42 is divided by 116?
30
Suppose 274 = 5*l - 3*l. Let p = 1019 - 1013. Calculate the remainder when l is divided by p.
5
Let k(j) be the second derivative of -j**4/12 - 31*j**3/6 - 43*j**2/2 - 2*j - 2. Calculate the remainder when k(-28) is divided by 11.
8
Let t(n) = n**2 + 4*n + 22. Let u = 86 + -92. Let k be t(u). Suppose -37*i + 33 = -k*i. What is the remainder when 42 is divided by i?
9
Let v = 2078 - -1184. Calculate the remainder when v is divided by 68.
66
Suppose -66 = -34*w + 206. Suppose w*v + 8 = r + 6*v, 0 = -v. What is the remainder when 54 is divided by r?
6
Suppose -163*t + 1744 = -538. Calculate the remainder when 2476 is divided by t.
12
Let u = 38 - 45. Let c(n) = n**3 + 5*n**2 - 16*n - 10. Let m be c(u). Suppose -m*y + 201 = -155. Calculate the remainder when y is divided by 13.
11
What is the remainder when (-81)/18*(-2324)/14 is divided by 22?
21
Let p(o) = o**2 + 572*o + 8925. Calculate the remainder when 1036 is divided by p(-16).
21
Let d be 4/(-6) + 92*4/(-6). Let g = 65 + d. Suppose g*i = -15, -3*t - 2*i = 2*i - 1. What is the remainder when t is divided by 3?
1
Let l(t) = t**3 - 161*t**2 + 16*t + 149. Calculate the remainder when l(161) is divided by 680.
5
What is the remainder when 5470 is divided by 69 - (7/(-4) - 441/336*4)?
74
Suppose -7*r + 5274 = -21*r + 6450. Calculate the remainder when r is divided by 46.
38
Suppose -3*q + 0*q + 12 = 0, 0 = 2*f - 5*q - 44. Let t be 6/12*-81*(13 + 1). Let g = t + 662. What is the remainder when g is divided by f?
31
Suppose 180*r - 9749 - 4111 = 0. What is the remainder when 9085 is divided by r?
76
Calculate the remainder when 268 is divided by ((-10)/16)/(((-85)/5)/272).
8
Let t be -3 - (-86 - -2) - 3. Calculate the remainder when 152/12 + (-4 - t/(-18)) is divided by 2.
1
Let j(f) be the second derivative of -7*f**2 - 7*f - 11/6*f**3 + 1/4*f**4 + 0 + 1/20*f**5. Calculate the remainder when j(-4) is divided by 3.
2
Suppose 5*v - 7631 = -2*p, 3*p + 2*v = 2333 + 9097. What is the remainder when p is divided by 93?
88
Let u be (45/(-60))/(3/(-148)). Calculate the remainder when 1*u - (9 - 108/9) is divided by 14.
12
Let j(q) = -4*q**3 + 35*q**2 - 6*q + 7. Suppose -5*f + 50 = -260. What is the remainder when j(7) is divided by f?
60
Suppose -2*i = -7*i + 2*w + 67, 0 = 2*i - 4*w - 14. Let x = -93 + 191. Let m = 171 - x. Calculate the remainder when m is divided by i.
13
Suppose -4*d + 344 = 3*q, 2*q + 117 = 4*d - 227. Let b = 270 + -188. Suppose b*l = d*l - 40. Calculate the remainder when 147 is divided by l.
7
Suppose 2*x + 18 = 8, -948 = -3*g - 3*x. Calculate the remainder when g is divided by 156.
9
Suppose -10 = -3*p - 5*f, 2*p - 2*f + 7*f = -5. Calculate the remainder when (-108)/(-2)*8/6 is divided by p.
12
Let f = -56577 + 56784. Suppose 2*d = 4*d - 142. Calculate the remainder when f is divided by d.
65
Calculate the remainder when 11555/11 - 54/(-99) is divided by 151.
145
What is the remainder when (-17415)/1548*(-1788)/9 is divided by 66?
57
Let o(b) = -70*b - 58 - 52*b + 109*b. Let p = 53 - 38. Calculate the remainder when o(-10) is divided by p.
12
Suppose v = -2*z + 17, z + 9*v + 9 = 5*v. What is the remainder when 5032 is divided by z?
5
Let i(v) = -v**3 - 22*v**2 + v + 42. Let t be i(-22). Let o = 23 + t. What is the remainder when o is divided by 8/(-36) - 274/(-18)?
13
Let q(o) = 7*o**2 + o + 3. Let r be q(3). Let t = 64 + r. Suppose 0 = 5*z - t + 3. Calculate the remainder when 102 is divided by z.
24
What is the remainder when 4/3*(-13881)/(-14) is divided by 133?
125
Suppose 4*t + 2384 = 2*b + 34208, -b = -4*t + 31820. Calculate the remainder when t is divided by 52.
50
Let i = -93 + 91. Let l be (-8)/(-2)*((-22)/(-8) + i). Suppose -l*y + 76 = 5*c, 3*c - 5*y - 18 = c. Calculate the remainder when 39 is divided by c.
11
Suppose 24*b - 21*b - 1155 = 0. Let s(o) = o**2 + 15*o + 4. Let h be s(-15). Suppose -h*y - b = -9*y. What is the remainder when y is divided by 26?
25
Let m(l) = 17*l**2 + 186*l + 61. Calculate the remainder when 3956 is divided by m(-11).
68
Suppose 212 = 3*o - o. Let i = 110 - o. Calculate the remainder when 14 is divided by i.
2
Let u(c) = -1328*c - 3330. Calculate the remainder when u(-8) is divided by 64.
62
Let a = -156 - -160. Suppose -2*c = 5*u - 39, -6*c + c - a*u + 89 = 0. Calculate the remainder when 2/(-2) + 68 + -1 is divided by c.
15
Let o(m) = 3*m - 7. What is the remainder when 1623 is divided by o(44)?
123
Let j(x) = x + 23. Let m be 120/(-18)*12/8. What is the remainder when 37 is divided by j(m)?
11
Let g be ((-4)/24 + (-85)/(-6))/2. Suppose -2*c + 4*d = -42, -30 = g*c - 10*c - 5*d. What is the remainder when 192 is divided by c?
12
Let d = 13637 - 10218. What is the remainder when d is divided by 683?
4
Let i(o) = 10*o - 10 - 2 - 6 - 2. What is the remainder when 26 is divided by i(3)?
6
Let a(m) = m**3 + 4*m**2 - 5*m - 5. Let h be -1 + -1 + (-2 - 1). Let p be 21/h - (-14)/70. What is the remainder when a(p) is divided by 8?
7
Calculate the remainder when 3474 is divided by 0*(-7 - (-110)/15) - -57.
54
Suppose 0 = -182*k - 14186 + 70788. Calculate the remainder when 1506 is divided by k.
262
Let f be (-2388)/(-9) - ((-40)/15 + 3). Calculate the remainder when 58 is divided by (6 - f/25)*-5.
12
Suppose -c = c + 6, 3*y + 30 = -c. Let h be (-24)/y - 10/15. Calculate the remainder when 71 is divided by 19/(3/(12/h)) + -2.
35
Let g(u) = 2*u**2 + 2*u - 6. Let t = 39 - 35. Let y be g(t). Let c = y - 17. What is the remainder when 49 is divided by c?
15
Suppose -2492*p + 2503*p = 1287. What is the remainder when p is divided by 22?
7
Suppose 9*q - 7*q - 3*k - 2401 = 0, 4*k + 5999 = 5*q. What is the remainder when q is divided by 8?
7
Let g(n) = -n**3 + 12*n**2 - 15*n - 6. Let f be g(11). Let j = f + 69. Calculate the remainder when 49 is divided by j.
11
Let x(u) = u**3 + 4*u**2 - 33*u - 8. What is the remainder when x(8) is divided by 83?
81
Suppose -246*v + 260*v - 1386 = 0. What is the remainder when 960 is divided by v?
69
Suppose 1897 = 7592*o - 7585*o. Calculate the remainder when o is divided by 45.
1
Let a(v) = -v**2 - 45*v - 242. Let n be a(-6). What is the remainder when 145 is divided by (-1)/n - 1510/(-80)?
12
Let r(m) = -2*m. Let i(u) = -218*u**2 - 12*u - 9. Let w(p) = -i(p) + 2*r(p). What is the remainder when w(-1) is divided by 20?
19
Suppose 5*x - 244 = -3*u, 4*x = 4*u + 79 - 383. Calculate the remainder when ((-1)/(21/(-35)))/(2/u) is divided by 19.
8
Suppose -5*b = 9*b + 10*b - 4848. What is the remainder when b is divided by 68?
66
Suppose -24 = -4*v - 4. Calculate the remainder when (v - (-2)/1) + -3 is divided by 42/38 - 34/323.
0
Suppose 0 = 4*c + 1 - 37. Let v = 35555 - 35526. Calculate the remainder when v is divided by c.
2
Suppose -32*v - 20*v = 27*v - 9243. Calculate the remainder when v is divided by 30.
27
Suppose 2*k + 8 = 0, -k = 5*m - 0*k - 1446. Let w = 394 - m. Calculate the remainder when w is divided by 49.
6
Let p(v) = v**3 - 17*v**2 + 6*v + 487. Calculate the remainder when 709 is divided by p(15).
74
Suppose -6*z + 4*z + 300 = 0. What is the remainder when z is divided by (-44)/308 - (-57)/7?
6
Suppose 0*m + 4*m = 3*m. Suppose 3*h + 4*g - 53 = 0, -h = -m*h - 4*g - 23. Let z = 220 + -89. What is the remainder when z is divided by h?
17
Suppose 3*o - 72 = 5*s, -o + 72 = 2*o + 5*s. Let v(h) = -6489*h + 259679. What is the remainder when v(40) is divided by o?
23
Let t(n) = -n**2 + 6*n - 6. Let l be t(4). Let u = 12 + l. Suppose 3*j - 5*z = -u + 52, -5*j - 2*z + 53 = 0. What is the remainder when 29 is divided by j?
7
Suppose -5*x = o - 5 - 15, -5*x + 20 = 4*o. Let y(l) = 2*l**2 - 2*l - 1. Let q(j) = -67*j. Calculate the remainder when q(-1) is divided by y(x).
21
Let n be 69/2 + (15/(-3))/(-10). Let p = n + 15. What is the remainder when 162 is divided by -4*10/4*(-205)/p?
39
Calculate the remainder when (-3075)/10*(5 + 116/(-20)) is divided by 126.
120
Let n = 226 + -151. Let m = -79144 - -79168. Calculate the remainder when n is divided by m.
3
Suppose 429 = 4*u - 3*r + 18, 3*u + 3*r - 282 = 0. Calculate the remainder when 4946 is divided by u.
95
Calculate the remainder when (-241